213 divide 1403760?
False
Is 297787362 a multiple of 651?
False
Is 256656230 a multiple of 12?
False
Does 452 divide 164414982?
False
Is 5200535 a multiple of 16?
False
Is 15 a factor of 3172125615?
True
Does 968 divide 287528912?
True
Does 190 divide 665711550?
True
Is 2079161 a multiple of 76?
False
Is 88 a factor of 4700928592?
False
Is 1956290180 a multiple of 148?
False
Does 33 divide 16843746?
False
Does 2067 divide 1204283808?
True
Is 150135849 a multiple of 9?
True
Is 37477815 a multiple of 143?
False
Is 25582237 even?
False
Does 17 divide 35738726?
True
Does 503 divide 31061790?
False
Is 1482 a factor of 1395025866?
True
Is 353969284 a multiple of 62?
True
Is 39225713 a multiple of 124?
False
Is 1893790404 a multiple of 11?
True
Is 29 a factor of 17908956?
False
Is 12038926 even?
True
Does 3600 divide 64436400?
True
Is 95356483 a multiple of 12?
False
Is 35 a factor of 1678900405?
True
Is 15881823 a multiple of 1059?
True
Is 17 a factor of 627240347?
True
Is 133522176 a multiple of 23?
True
Is 61341168 a multiple of 2856?
True
Does 19 divide 684044508?
False
Is 135864153 a multiple of 153?
True
Does 710 divide 1825765054?
False
Is 4222338263 a multiple of 289?
True
Does 5 divide 215509?
False
Is 67 a factor of 63229886?
False
Does 147 divide 53746875?
True
Does 311 divide 161655623?
True
Is 42 a factor of 170548728?
True
Is 14 a factor of 1288076818?
True
Does 279 divide 26424932?
False
Is 8201535 a multiple of 7?
False
Is 100346480 a multiple of 16?
True
Is 1679 a factor of 471735198?
True
Is 8497460 a multiple of 33?
False
Is 14 a factor of 20951497?
False
Does 9 divide 57641508?
True
Is 765299637 a multiple of 38?
False
Is 173615381 a multiple of 13?
False
Is 68 a factor of 18794065?
False
Does 8 divide 76401306?
False
Does 10 divide 227018788?
False
Is 3325088921 a multiple of 11?
True
Is 77 a factor of 1559687976?
True
Is 478375275 a multiple of 12975?
True
Is 42 a factor of 1137399?
False
Is 942702 a multiple of 437?
False
Is 549 a factor of 18116451?
True
Does 46 divide 523828387?
False
Is 1118749104 a multiple of 44?
True
Is 51861628 a multiple of 1972?
True
Is 177 a factor of 245616882?
True
Does 738 divide 195818179?
False
Does 8 divide 90491277?
False
Is 1670735252 a multiple of 55?
False
Is 260937765 a multiple of 445?
True
Is 7 a factor of 45836414?
False
Is 355148836 a multiple of 68?
True
Does 10 divide 1396997100?
True
Is 38739042 a multiple of 19?
False
Is 554094128 a multiple of 28?
True
Is 24 a factor of 25026686?
False
Does 48 divide 86404885?
False
Is 695 a factor of 81727329?
False
Does 1104 divide 527468016?
True
Is 7 a factor of 3045182?
True
Does 212 divide 31030634?
False
Does 20 divide 83466675?
False
Is 2949499921 a multiple of 571?
False
Is 29 a factor of 8939279?
True
Does 5 divide 27705926?
False
Does 27 divide 106831355?
False
Does 555 divide 303298065?
True
Is 118962198 a multiple of 2405?
False
Does 11 divide 1667869511?
True
Does 1852 divide 282787436?
True
Is 351 a factor of 162240624?
True
Is 1304 a factor of 4849946336?
True
Is 4688022 a multiple of 82?
True
Is 1056492471 a multiple of 2872?
False
Is 631 a factor of 88702303?
False
Is 34 a factor of 115522068?
False
Is 1068 a factor of 30094227?
False
Is 81 a factor of 1928927254?
False
Does 833 divide 3823033508?
True
Is 66 a factor of 18999024?
True
Does 55 divide 1293421206?
False
Is 45224288 a multiple of 32?
True
Is 809879429 even?
False
Is 136837361 a multiple of 53?
True
Is 14 a factor of 92243504?
False
Is 14 a factor of 107395960?
True
Does 34 divide 1041445160?
True
Is 14 a factor of 41002724?
True
Does 15 divide 211977445?
False
Does 722 divide 38192452?
False
Does 42 divide 29887746?
True
Does 565 divide 303637215?
True
Does 3981 divide 317576313?
True
Does 25 divide 7200911?
False
Is 245037965 a multiple of 358?
False
Is 29 a factor of 23395379?
False
Is 2321829379 a multiple of 280?
False
Is 826651119 a multiple of 767?
False
Is 718848505 a multiple of 68?
False
Is 935877958 a multiple of 25?
False
Is 1784 a factor of 3726929424?
True
Is 409967844 a multiple of 78?
True
Is 119 a factor of 7891492?
False
Is 3135 a factor of 161797350?
True
Does 5 divide 765937734?
False
Is 85540945 a multiple of 35?
True
Is 9 a factor of 120018692?
False
Is 185622535 a multiple of 10?
False
Is 2406517 a multiple of 3?
False
Does 11 divide 19124625?
False
Is 121096570 a multiple of 158?
False
Is 209979640 a multiple of 520?
True
Is 21920238 a multiple of 204?
False
Is 20 a factor of 2243783050?
False
Is 2023460010 a multiple of 864?
False
Is 26 a factor of 18667454?
True
Is 344 a factor of 28670336?
True
Is 27906581 a multiple of 462?
False
Is 17593377 a multiple of 339?
False
Does 59 divide 1146547?
True
Is 1952 a factor of 202703488?
True
Is 1558 a factor of 64195832?
True
Is 1694488 even?
True
Does 923 divide 119175630?
False
Is 1418 a factor of 2601051580?
True
Does 592 divide 278235856?
True
Does 180 divide 1913653980?
True
Does 22 divide 21838796?
False
Is 460 a factor of 10901305?
False
Is 450 a factor of 2434349929?
False
Is 61 a factor of 48699289?
True
Is 310 a factor of 749812616?
False
Is 99 a factor of 9520632?
True
Does 17 divide 6868096220?
True
Is 862222755 a multiple of 141?
True
Is 81 a factor of 628868893?
False
Is 106 a factor of 240551736?
True
Is 4224605 a multiple of 6?
False
Is 98 a factor of 725592?
True
Is 12 a factor of 132576936?
True
Does 1377 divide 1427720418?
True
Does 5034 divide 219150156?
True
Is 375 a factor of 11476125?
True
Is 164 a factor of 45959196?
True
Is 7 a factor of 475249151?
False
Is 145 a factor of 98047550?
True
Does 21 divide 565256496?
True
Does 227 divide 21367056?
True
Is 5 a factor of 1430564?
False
Is 506 a factor of 78165362?
True
Is 2 a factor of 93778794?
True
Is 19 a factor of 194213459?
True
Is 134996850 a multiple of 71?
False
Is 29268561 a multiple of 53?
True
Is 4733 a factor of 114283018?
True
Does 12 divide 3129276176?
False
Does 15 divide 43331295?
True
Is 4522596 a multiple of 2?
True
Is 140 a factor of 3239963?
False
Is 6745200 even?
True
Is 86031483 a multiple of 37?
False
Does 28 divide 20842080?
True
Is 211 a factor of 629617930?
False
Does 13 divide 810905305?
False
Is 533823034 a multiple of 199?
False
Is 5 a factor of 21232350?
True
Is 431720732 a multiple of 18?
False
Is 511 a factor of 189250383?
True
Does 6 divide 105557586?
True
Does 529 divide 42527251?
False
Does 42 divide 235643999?
False
Is 854040502 a multiple of 97?
False
Does 2642 divide 109349738?
True
Is 6433 a factor of 134239491?
False
Is 8 a factor of 9003597?
False
Is 1999 a factor of 18737404?
False
Is 16081 a factor of 2258769422?
True
Does 93 divide 45612645?
False
Is 350 a factor of 2617623203?
False
Does 760 divide 30176560?
True
Does 44 divide 17865408?
True
Does 9 divide 39627286?
False
Does 12 divide 7098912?
True
Does 82 divide 20951530?
False
Does 20 divide 134643920?
True
Is 971835228 a multiple of 98?
True
Does 91 divide 604805687?
False
Is 18 a factor of 75407962?
False
Does 2948 divide 1209166420?
True
Is 106 a factor of 73730269?
False
Is 902316510 a multiple of 405?
True
Is 4629 a factor of 836568949?
False
Is 61571662 a multiple of 20?
False
Is 52084678 a multiple of 1517?
True
Is 1849 a factor of 88530250?
False
Does 2729 divide 17776706?
True
Does 934 divide 357063530?
True
Is 482321200 a multiple of 40?
True
Is 3129606 a multiple of 18?
True
Does 48 divide 52904494?
False
Is 11685230 a multiple of 727?
False
Is 7464885 a multiple of 47?
False
Does 440 divide 43418320?
True
Is 105 a factor of 643294047?
False
Is 869352677 a multiple of 3963?
False
Does 445 divide 108588455?
True
Is 3505494089 a multiple of 112?
False
Does 15 divide 709135905?
True
Does 389 divide 114445745?
True
Is 296243020 a multiple of 21?
False
Does 133 divide 808273125?
False
Is 4 a factor of 2355636?
True
Is 42 a factor of 718812879?
False
Is 42 a factor of 519209452?
False
Is 2384503 a multiple of 74?
False
Is 170745660 a multiple of 60?
True
Does 140 divide 2539808?
False
Is 228 a factor of 6133200?
True
Does 8 divide 27672887?
False
Does 46 divide 61813236?
True
Does 1502 divide 216120182?
False
Is 30 a factor of 287756497?
False
Is 175 a factor of 46060700?
True
Is 133478874 a multiple of 54?
True
Is 35 a factor